6).
21
Let a(n) = -n**2 + 12*n - 2. Give a(11).
9
Let k(s) = s**3 - 41*s**2 - 43*s + 1762. Calculate k(41).
-1
Let w(g) = -g**3 - 3*g + 1. Give w(-2).
15
Let z(g) = -g**3 - 26*g**2 - g - 22. What is z(-26)?
4
Let f(i) = i**3 + 9*i**2 + 9*i. Calculate f(-8).
-8
Let o(s) = 2*s**2 + 4*s - 1. Give o(-3).
5
Let y(b) = 2*b**2 + 3*b + 3. What is y(-2)?
5
Let j(t) = t**2 + 9*t - 6. What is j(-11)?
16
Let l(r) = -r**3 - 9*r**2 - 17*r - 27. Give l(-7).
-6
Let v(i) = i**3 + 3*i**2 + 5*i + 4. Give v(-4).
-32
Let u(g) = -22*g - 8. Give u(-4).
80
Let i(f) = 12*f**2 + 73*f - 5. Determine i(-6).
-11
Let d(x) = 2*x**3 + 16*x**2 + 5*x - 73. Determine d(-7).
-10
Let l(f) = -f**2 + 22*f + 17. Give l(22).
17
Let k(d) = -d**2 - 11*d - 37. What is k(-8)?
-13
Let z(o) = o**2 + 17*o - 74. What is z(-21)?
10
Let v(k) = k**2 + k - 11. Calculate v(-4).
1
Let y(a) = 13*a - 838. Determine y(65).
7
Let v(s) = 2*s**2 - 13*s + 4. What is v(6)?
-2
Let r(l) = -14*l - 1. Determine r(7).
-99
Let b(d) = d**3 + 10*d**2 + 6*d + 11. Give b(-9).
38
Let m(f) = -f**3 - 48. Calculate m(0).
-48
Let f(z) = -2*z + 5. Calculate f(-2).
9
Let f(d) = -17*d + 1. Give f(-9).
154
Let r(v) = 19*v - 10. Determine r(3).
47
Let p(l) = l**2 - 14*l - 23. What is p(17)?
28
Let k(c) = 9*c + 138. Calculate k(-18).
-24
Let d(t) = t**2 + 5*t - 32. Give d(-8).
-8
Let w(q) = 5*q**2 + 6*q + 3. What is w(-1)?
2
Let z(a) = -3*a**2 + 34*a + 3. What is z(10)?
43
Let d(y) = 35*y + 11. Calculate d(4).
151
Let w(x) = x**2 - x + 15. Calculate w(-6).
57
Let c(f) = f**3 - 25*f**2 + 25*f - 25. What is c(24)?
-1
Let d(n) = -n**2 - 7*n - 4. Determine d(-5).
6
Let k(m) = 2*m**3 + 30*m**2 - 29*m + 54. What is k(-16)?
6
Let b(s) = -s**2 + 10*s + 1. Give b(9).
10
Let x(n) = n**3 - 10*n**2 - 10*n - 10. Give x(11).
1
Let r(d) = d**2 + 23*d + 16. Give r(-24).
40
Let c(o) = o**2 - 3*o + 2. Determine c(1).
0
Let l(m) = -2*m - 8. Calculate l(6).
-20
Let n(d) = d**3 + 40*d**2 + 76*d + 4. What is n(-38)?
4
Let o(a) = -2*a**2 - 2*a - 3. What is o(4)?
-43
Let x(m) = 5*m**2 - 9*m - 17. What is x(5)?
63
Let y(f) = -f**3 + 5*f**2 + 2*f + 1. Determine y(5).
11
Let j(y) = 3*y**2 - 35*y + 13. Calculate j(11).
-9
Let k(w) = -w**3 - 20*w**2 - 76*w - 2. Give k(-5).
3
Let b(u) = -u**3 - 3*u**2 + 10*u - 1. Give b(-5).
-1
Let r(d) = d**3 - 6*d**2 - 20*d + 11. Determine r(8).
-21
Let q(r) = -83*r - 413. What is q(-5)?
2
Let s(k) = -k. What is s(-7)?
7
Let y(r) = -8*r**2 - r + 1. Calculate y(1).
-8
Let w(s) = 2*s**2 - 15*s + 40. Give w(6).
22
Let z(r) = r**3 + r**2 - 4*r - 3. Give z(-2).
1
Let v(l) = l + 34. Determine v(0).
34
Let v(r) = r**3 + r**2 + r - 3. Calculate v(1).
0
Let d(k) = -k**3 + 4*k**2 + k + 10. Give d(5).
-10
Let z(n) = -2*n**3 - 15*n**2 + 26*n - 4. What is z(-9)?
5
Let o(a) = -a + 26. Give o(12).
14
Let s(m) = 20*m**2 + 8*m - 9. Determine s(1).
19
Let k(d) = -12*d**2 - d + 2. Give k(2).
-48
Let g(i) = -i**2 + 5*i - 6. Calculate g(6).
-12
Let p(m) = m**2 - 8*m + 23. Calculate p(6).
11
Let y(k) = 3*k**2 + 5*k - 26. What is y(-5)?
24
Let r(p) = -5*p - 51. Determine r(-22).
59
Let b(p) = -p**3 + 10*p**2 - 14*p + 12. Give b(8).
28
Let r(i) = -i - 41. Calculate r(12).
-53
Let x(w) = -w - 4. Determine x(-2).
-2
Let v(q) = 4*q - 19. What is v(18)?
53
Let x(s) = -32*s + 3. Calculate x(-2).
67
Let d(v) = -26*v - 22. Calculate d(-2).
30
Let p(o) = -o**3 + 6*o**2 - o + 10. What is p(6)?
4
Let m(x) = -4*x - 136. Give m(-32).
-8
Let n(d) = 81*d + 237. Give n(-3).
-6
Let r(k) = k**3 + 8*k**2 + 2*k - 8. Calculate r(-7).
27
Let d(t) = -6*t + 190. Determine d(31).
4
Let u(b) = -b**3 - 7*b**2 - b + 46. Calculate u(-6).
16
Let b(j) = -9*j + 3. Calculate b(-2).
21
Let z(q) = 6*q + 1. What is z(0)?
1
Let o(l) = 30*l**2 + l - 1. Calculate o(1).
30
Let w(v) = -v**3 - 7*v**2 - 4. Determine w(-7).
-4
Let b(p) = -p**3 + 3*p**2 + 58*p - 240. Determine b(5).
0
Let g(b) = -43*b. What is g(-1)?
43
Let p(r) = 26*r - 17. Calculate p(2).
35
Let q(x) = -x - 18. What is q(-14)?
-4
Let r(j) = j - 8. What is r(0)?
-8
Let k(z) = -9*z - 18. Determine k(3).
-45
Let r(f) = -3*f - 12. Calculate r(-12).
24
Let p(v) = 3*v**2 + 3*v + 4. Calculate p(-2).
10
Let w(z) = -2*z**3 - 42*z**2 + 44*z. Determine w(-22).
0
Let o(g) = -17*g + 13. Calculate o(3).
-38
Let c(h) = -2*h + 2. What is c(3)?
-4
Let u(y) = y**3 + 6*y**2 - 16*y - 7. What is u(-8)?
-7
Let c(q) = -q**2 + 12*q + 6. Calculate c(7).
41
Let u(v) = v**3 + 7*v**2 - 19*v + 11. Give u(-9).
20
Let p(y) = y**3 + 8*y**2 + 3*y - 12. Give p(-6).
42
Let t(w) = w**3 - 5*w**2 + 2*w - 3. Give t(4).
-11
Let d(l) = 3*l**2 - 38*l - 15. Determine d(13).
-2
Let g(i) = -4*i**3 + i**2 - 1. What is g(1)?
-4
Let d(c) = c**3 + 6*c**2 - c - 10. Determine d(-5).
20
Let k(j) = 2*j**3 + 4*j**2 + 8. What is k(-3)?
-10
Let j(s) = -s**3 + 7*s**2 + 16*s + 10. Determine j(-3).
52
Let q(p) = -15*p + 152. What is q(10)?
2
Let t(g) = 2*g**2 + 25*g - 201. What is t(-18)?
-3
Let z(d) = d**2 + 27*d + 26. Calculate z(-25).
-24
Let l(p) = 5*p + 21. What is l(-6)?
-9
Let g(r) = -6*r + 15. Give g(12).
-57
Let j(k) = 47*k - 25. What is j(-3)?
-166
Let k(g) = -2*g**2 - 74*g - 28. What is k(-37)?
-28
Let k(g) = 3*g**2. Give k(-2).
12
Let n(x) = -x**2 + 15*x + 26. Determine n(14).
40
Let j(f) = 9*f + 3. Calculate j(-2).
-15
Let y(c) = -2*c**3 + 44*c**2 - 42*c - 9. Calculate y(21).
-9
Let g(w) = w**3 + 5*w**2 - 14*w + 7. Give g(-7).
7
Let s(l) = 3*l + 6. Calculate s(-6).
-12
Let p(m) = -m - 8. What is p(-4)?
-4
Let q(t) = -t**3 - 11*t**2 - 11*t - 18. Determine q(-10).
-8
Let r(w) = -w**2 - 26*w - 57. Determine r(-24).
-9
Let v(t) = t**3 + 13*t**2 - 5. Determine v(-13).
-5
Let p(q) = q**2 + 15*q + 46. Determine p(-8).
-10
Let n(f) = 14*f + 3. Determine n(-3).
-39
Let l(d) = 2*d**2 - 6*d + 2. Calculate l(5).
22
Let i(z) = -z**2 - 6*z + 1. Calculate i(-7).
-6
Let i(c) = c**2 + 19*c + 28. Give i(-20).
48
Let t(h) = -3*h - 3. Calculate t(5).
-18
Let j(u) = -2*u - 84. Calculate j(-36).
-12
Let o(m) = m**3 + 6*m**2 + 1. Determine o(-6).
1
Let d(g) = -7*g + 2. What is d(-1)?
9
Let m(z) = 77*z**2 + 1. Determine m(1).
78
Let n(k) = 12*k + 10. Calculate n(-4).
-38
Let x(l) = -l**2 - 7*l - 5. What is x(-5)?
5
Let h(c) = -c**2 + 6*c + 21. Give h(9).
-6
Let g(o) = -6*o + 83. Give g(15).
-7
Let i(c) = 9*c**3 - 2*c**2 + c. Give i(1).
8
Let p(s) = 44*s - 150. Determine p(3).
-18
Let d(u) = u**2 + 10*u + 17. What is d(-7)?
-4
Let d(j) = 2*j + 2. Give d(-8).
-14
Let s(v) = v**2 + 15*v + 13. Give s(-14).
-1
Let d(p) = -3*p**2 + 9*p. Calculate d(3).
0
Let o(u) = 10*u + 6. What is o(-5)?
-44
Let q(p) = -2*p**2 - 49*p - 70. Determine q(-23).
-1
Let y(d) = -d**3 - 3*d**2 - 2*d + 3. Give y(-2).
3
Let g(d) = -d**3 - 23*d**2 + 2*d + 50. Determine g(-23).
4
Let a(i) = 16*i**2 - 2. Calculate a(2).
62
Let f(i) = i**2 + 4*i - 6. Give f(-6).
6
Let v(z) = -4*z - 21. Calculate v(-3).
-9
Let v(c) = -68*c**3 - c**2 - 4*c - 3. What is v(-1)?
68
Let v(z) = -6*z - 81. Determine v(-27).
81
Let i(o) = 3*o - 4. Calculate i(-1).
-7
Let k(g) = 60*g - 131. Calculate k(4).
109
Let u(a) = -a**3 + 4*a**2 + a + 9. Determine u(4).
13
Let n(z) = z**3 + 4*z**2 - 4*z. What is n(-5)?
-5
Let h(q) = 2*q**2 - 14*q. Give h(6).
-12
Let a(m) = -2*m + 42. Calculate a(16).
10
Let s(h) = -h - 10. What is s(8)?
-18
Let t(u) = u**2 + 48*u + 85. Determine t(-46).
-7
Let t(f) = -3*f - 28. What is t(2)?
-34
Let c(q) = q - 1. Calculate c(-2).
-3
Let x(z) = -8*z - 66. Calculate x(-11).
22
Let j(c) = -3*c**3 - c**2 - 19*c - 19. What is j(-1)?
2
Let m(u) = u**3 + 4*u**2 - 17*u + 3. Calculate m(-7).
-25
Let m(c) = 4*c**2 - 32*c + 37. What is m(6)?
-11
Let l(p) = -p**3 - 10*p**2 - 13*p + 17. What is l(-8)?
-7
Let f(n) = -n**2 - 13*n - 11. Determine f(-8).
29
Let v(u) = -u**3 + 6*u**2 + 10*u - 4. What is v(7)?
17
Let i(z) = -z - 1. Give i(5).
-6
Let b(r) = -2*r**2 - 31*r - 14. Calculate b(-15).
1
Let w(a) = -a**3 - 48*a**2 - 11. Give w(-48).
-11
Let i(v) = 5*v**2 - v + 6. Give i(3).
48
Let o(b) = -b**2 - 8*b - 18. Determine o(-4).
-2
Let c(w) = 7*w**2 + 3*w - 2. Calculate c(-4).
98
Let y(p) = -2*p**2 - 2*p + 17. What is y(7)?
-95
Let u(d) = -d**3 - 18*d**2 - d - 17. Calculate u(-18).
1
Let z(w) = w**2 - 2*w + 3. Calculate z(7).
38
Let o(z) = -2*z + 2. Calculate o(-1).
4
Let f(k) = -k**2 - 7*k + 11. What is f(-9)?
-7
Let d(p) = -p + 23. G